or of 28 and t?
14
Suppose 3*u + 3*c = 3, -4*u + 4*c - 2*c = -10. Suppose -u*q - 5*g + 70 = 3*q, 4*q - g = 56. What is the greatest common factor of 112 and q?
14
Let n = 741 - 685. Let x be 20/(-120)*99*n/(-3). Let w(t) = 9*t + 1. Let u be w(3). Calculate the highest common factor of x and u.
28
Let k = -21 + 26. Let c be 2*(-1)/(-10)*k. Let i be -3 - (-3 - (91 + 2)*c). Calculate the greatest common divisor of 31 and i.
31
Suppose -984 - 393 = -27*z. Let x(w) = 17*w**2 - 2*w - 4. Let u be x(-2). What is the highest common divisor of u and z?
17
Let p be 0 + 25 + -14 - -751. What is the highest common divisor of 18 and p?
6
Let z be 4 + 2*(-4)/8. Suppose -4*o - z = -63. Suppose -o*c = -16*c + 40. What is the highest common divisor of 16 and c?
8
Let a(x) = -2*x**3 - 19*x**2 - 13*x - 8. Let o be a(-10). What is the greatest common factor of 2368 and o?
74
Suppose c - 4*o = -5, 2*c - 9 = -o - 1. Suppose -3*h - 142 = i, -h - 12 - 22 = c*i. Let a = h - -148. Calculate the highest common divisor of 66 and a.
33
Let s = 4 - -116. Let p(r) = r - 17. Let i be p(12). Let w be ((-20)/6)/((10/18)/i). Calculate the greatest common divisor of w and s.
30
Let g = 1691 + -1681. What is the greatest common divisor of 112 and g?
2
Suppose -5*i = o - 13 - 8, -o - 2*i = -9. Let s(t) = 67*t**3 - 3*t + 3. Let q be s(o). Let r = -11 + q. Calculate the greatest common divisor of 8 and r.
8
Suppose 2790 = 402*t - 387*t. What is the highest common divisor of 48 and t?
6
Let y = -33939 - -34055. What is the greatest common factor of 8526 and y?
58
Let s(q) = q**2 + 3*q + 2. Let w be s(-4). Let l be (w/(-4))/((-2)/8). Let j = -2112 + 2166. What is the greatest common divisor of l and j?
6
Suppose 2*w - 4*d = -2*w + 628, 0 = -4*w + d + 625. Let n = w - 129. Suppose -f = p, 0 = p - f - 6. What is the greatest common factor of p and n?
3
Suppose 0 = 4*a + z - 61, 5*a = -5*z + 5 + 75. Let o(p) = 31*p**2 - p + 3. Let w be o(-3). What is the greatest common divisor of a and w?
15
Suppose 0 = -1126*j + 1132*j - 138. Suppose 0 = 3*a - 2*i - 1415, 4*a - 22*i - 1872 = -j*i. What is the highest common factor of 7 and a?
7
Let t(c) = 1933*c**2 + 53*c - 47. Let h be t(2). What is the greatest common divisor of 159 and h?
159
Suppose 25*z - 346 + 10972 = 94*z. Calculate the highest common factor of 1408 and z.
22
Suppose -86*f + 66 = -92*f. Let u be -2*30*f/(220/24). What is the greatest common factor of 306 and u?
18
Let v = -5432 + 5551. Calculate the highest common divisor of v and 901.
17
Suppose 4*k = 2*k - 30. Let v(r) = -r**3 - 16*r**2 - 2*r - 17. Let s be v(k). Let b = 337 + s. What is the highest common divisor of 50 and b?
25
Let h be (6/((-2)/4*8))/((-54)/24552). Calculate the highest common factor of 1798 and h.
62
Suppose 2*g + 2*o = 22, -11*o + 6*o = -5*g + 105. Suppose -16 = 9*c - 11*c. Calculate the greatest common divisor of c and g.
8
Let h(a) = 115*a**2 - 9*a + 2. Suppose -2*o = 3*y - 7, -3*y + 1 = -3*o + 2*o. Let d be h(y). Calculate the greatest common divisor of 180 and d.
36
Let k = 1 - -7. Suppose 5*o = 8*o + 63. Let t = 45 + o. Calculate the highest common factor of t and k.
8
Let b(s) = s**3 + 29*s**2 + 70*s - 82. Let y be b(-26). Calculate the greatest common divisor of y and 2106.
18
Suppose -2*y = -2*n - 2264, 4*n - n + 3*y = -3366. Let p be n/(-49) - 5*1. What is the highest common divisor of 54 and p?
18
Suppose 70*i - 294 - 4003 = 6623. What is the greatest common divisor of 2613 and i?
39
Let g(z) = -z**3 - 90*z**2 - 169*z + 645. Let y be g(-88). Let m = 779 + -315. What is the greatest common factor of y and m?
29
Suppose -92 = -5*c - 6*d + 8*d, -c + 19 = -d. Let q be (-4 + 22)*4/3. What is the greatest common factor of q and c?
6
Suppose -670 = 9092*n - 9084*n - 10526. Calculate the highest common divisor of 448 and n.
112
Suppose -1079 - 174 = -107*w + 459. Calculate the highest common divisor of 14304 and w.
16
Let g be 2 + 5/(-5*4/(-8)). Suppose g*t - h - 16 = 0, -3*t - 3*h + 12 = -0*t. Calculate the greatest common divisor of 5 and t.
1
Suppose 4*a = 2*c - c + 3, -3*c + 4*a - 1 = 0. Let j be (c/5)/((-1)/(-35)). Let o be (14/(-3))/(2/(-24)). Calculate the highest common divisor of j and o.
7
Suppose -2 = -0*f + 2*f - 4*c, f + 7 = 4*c. Suppose -5*w = -39*r + 38*r - 311, -f*r - 5 = 0. What is the highest common factor of w and 186?
62
Let f = 33 + 9. Let h = 54 - f. Calculate the highest common factor of h and 324.
12
Let h be (-9)/((-324)/168390) - 5/(-2). Calculate the greatest common factor of 40 and h.
40
Let i(b) = 37*b**2 - 2*b + 1. Let r be i(3). Let t be 7/(7/r) + 1. Suppose -292*n = -277*n - 705. Calculate the highest common divisor of t and n.
47
Let q(n) = -3*n + 25. Let c be q(6). Suppose -194 = -c*j + 51. Suppose f + 25 = 4*i - j, 0 = 4*i - 2*f - 60. Calculate the greatest common divisor of i and 45.
15
Let o = -88 - -130. Suppose -5*n + 2*n + b = -86, n + 3*b = o. Let m = 69 - 24. Calculate the greatest common divisor of m and n.
15
Suppose 4*f - 3*w - 112 = -f, -3*w = 5*f - 88. Let p = 56 - 51. Calculate the highest common divisor of f and p.
5
Let x(a) = 323*a**2 - 8*a - 9. Let h be x(-1). Let y = -235 + h. Calculate the greatest common divisor of 6 and y.
3
Suppose -93 = -3*g + 351. Let u = 1 - -20. Suppose -24*r = -u*r - 111. Calculate the highest common divisor of r and g.
37
Let d be (-306)/(-7) + 4/14. Let c be 2/(-5) + 81224/260. Let t = c - 136. Calculate the greatest common divisor of d and t.
44
Suppose 373*i + 1482 = 392*i. Calculate the highest common factor of 2249 and i.
13
Let j = 6064 - 5547. What is the highest common divisor of j and 611?
47
Suppose -47*h = 47*h + 63*h - 90432. What is the highest common factor of 468 and h?
36
Let h = -2736 - -3035. Suppose 4*v + 3*i - 86 = 0, -4*v + 2*v + 2*i = -50. Calculate the greatest common divisor of v and h.
23
Let h be 6/30 + (-402)/10. Let n be ((-1593)/(-39) - (-2)/13) + 2. Let f = n + h. Calculate the greatest common factor of 27 and f.
3
Let r = -14 - -22. Let s = 50 - r. Let i(g) = -11*g - 25. Let c be i(-8). What is the greatest common factor of s and c?
21
Let u be 18/((-166)/1104 + (-61)/(-366)). What is the highest common factor of 69 and u?
69
Let t(a) be the second derivative of -26*a - 7/2*a**2 + 1/6*a**3 + 0. Let j be t(13). What is the greatest common factor of j and 66?
6
Suppose 9 = -b - 2*b. Let o be 1*b - (-3)/6*6. Let q be 7 + -3 - -40 - (-1 + o). What is the greatest common divisor of q and 5?
5
Let f(t) = -132 + 2*t**2 - 48 - 22*t + 74. Let y be f(-4). What is the highest common divisor of 602 and y?
14
Suppose 324 = 3*l + l. Let y(v) = v**3 + 5*v**2 - 10*v - 5. Let i be y(2). What is the greatest common factor of l and i?
3
Suppose -2*p + 2*i + 10 = 0, 4*p - 8*p - 20 = 4*i. Suppose 5*g - 4*o - 109 = p, 7*g = 4*g + o + 71. Calculate the greatest common factor of g and 1075.
25
Let o(l) = 422*l - 569. Let t be o(3). Let z = 49 - 8. What is the greatest common divisor of t and z?
41
Suppose -122 = -3*b + 4*h - 6*h, -3*b - h = -121. Let a be 2*516/b + 1/5. Calculate the greatest common factor of 234 and a.
26
Let v(d) = 73*d + 4. Let j be v(-1). Let o = 72 + j. Let w be (11*-1)/((-3)/o) + -2. Calculate the highest common divisor of w and 99.
9
Let b = -6331 - -8816. What is the greatest common divisor of b and 28?
7
Let v(f) = -11*f**2 - 3. Let u be v(0). Let n be u/(-5) - ((-67)/5 + 5). Let x be ((-3)/4)/(3/(-36)). What is the greatest common factor of n and x?
9
Let m be 0*(-1)/(0 + 1). Suppose m = 119*l - 114*l - 135. Suppose -2*w = -l - 9. Calculate the greatest common divisor of 18 and w.
18
Let j(s) = 2*s**2 + 7*s - 58. Let a be j(4). Let l be a - (5 - 2) - -47 - 4. What is the greatest common factor of l and 966?
42
Let q be 4 - (-26)/(-6) - 130/(-3). Let y(f) = -f**2 + 23*f + 69. Let i be y(20). What is the highest common divisor of i and q?
43
Suppose 9*w = -6*w + 25894 - 2584. Calculate the greatest common divisor of 1776 and w.
222
Let o be (-77)/55 - (351674/(-10) - -2). What is the greatest common divisor of o and 118?
118
Let u be ((-2)/4)/((-35)/11270). Suppose 3*j = 431 - 86. Calculate the greatest common factor of j and u.
23
Suppose -4*r - 5*d - 5 + 27 = 0, 2*r = -5*d + 16. Suppose 0 = -3*h - 2*k + 163, -14*h + 216 = -10*h + r*k. Ca